 z = 31 - g. Let o = -22 + 65. Calculate the remainder when o is divided by z.
13
Suppose -v - v = -6, -4*g + 35 = 5*v. Let b = 16 - g. Suppose -13*i + 15*i = 8. Calculate the remainder when b is divided by i.
3
Suppose -155 = -8*r + 53. What is the remainder when r is divided by (-1 + (-22)/(-4))*2?
8
Calculate the remainder when 6/((-26)/32 + 1) is divided by (-4 + 7)*51/9.
15
Suppose 0 = 7*w - 3*w + 2*s - 28, 3*s + 24 = 5*w. What is the remainder when 27 is divided by (-9)/w - 45/(-6)?
3
Let b = 19 - 7. Let s = -68 - -102. Calculate the remainder when s is divided by b.
10
Suppose -b - 168 = -5*b. Suppose -7 = 4*c - 3*i - 22, -4*i = 5*c - b. Calculate the remainder when 16 is divided by c.
4
Suppose 5*h = -3*n + 140, 2*h = n - 14 - 29. Suppose g + 30 = 3*w + 11, -45 = -5*w + 5*g. Suppose w*i - 48 = i. Calculate the remainder when n is divided by i.
9
Let c(z) = z + 2. Let l be c(4). Let h = 116 + -1. Suppose o + h = l*o. Calculate the remainder when o is divided by 8.
7
Let v(a) = a - 6. Suppose 0*u - 25 = -2*c - u, 3*c - 20 = 2*u. What is the remainder when 11 is divided by v(c)?
3
Suppose -2*g + 7 = -1. Let l(o) = -2*o - 7. Let b be ((-10)/8)/(3/12). Calculate the remainder when g is divided by l(b).
1
Let x = 26 + 2. What is the remainder when x is divided by 15?
13
Let n(h) = -2*h**3 - 25*h**2 - 14*h - 19. What is the remainder when 2 - (-6 - (0 - -1)) is divided by n(-12)?
4
Let r(u) = -u - 12. Calculate the remainder when 22 is divided by r(-24).
10
Suppose -4 = 2*s - 28. Calculate the remainder when 21 is divided by s.
9
Let m(v) = 44*v. Suppose 6*r - 5 = r. Let h be m(r). Suppose 0 = -3*z + 7*n - 2*n + h, 0 = -z - 2*n. What is the remainder when 29 is divided by z?
5
Let p(y) = 4*y**2 + 1. Let i be p(1). Suppose 2*w + 18 = i*w. Calculate the remainder when w is divided by 3.
0
Let v(w) = -12*w**2 + 2*w + 0 + 2*w**3 - w**3 - 5 + 0*w**3. What is the remainder when 35 is divided by v(12)?
16
Calculate the remainder when (-4 - 20/(-16))*-4 is divided by 2.
1
Suppose -3*i + 286 + 233 = 0. What is the remainder when i is divided by 44?
41
Suppose 3*r - 5*q = -0 + 5, -3*q = 5*r - 31. Suppose r*k + 4*z - 101 = 0, k + 2*z + 23 = 2*k. Calculate the remainder when 61 is divided by k.
19
Let n = -38 - -84. Calculate the remainder when n is divided by 25.
21
Let w = 21 + -15. Suppose 10 = -o + w*o. Suppose -2*j = -9*y + 4*y + 25, 2*y - 21 = 3*j. Calculate the remainder when y is divided by o.
1
Let g(f) = f**2 - f + 7. Let t be g(0). Let r(n) = n**2 + n + 56. Let m be r(0). Suppose m = t*s - 3*s. What is the remainder when 26 is divided by s?
12
Let x(j) = -5*j - 5. Let w be x(-5). Suppose 4*s = -w, -5*l - s + 25 = -2*s. Let k(q) = 2*q - 11. What is the remainder when k(9) is divided by l?
3
Suppose y + 0*y + 4 = 0. Let b(w) = w + 3. Let q be b(y). What is the remainder when 1*((-70)/q)/2 is divided by 12?
11
Let v = -35 - -78. Suppose 2*j - 35 - v = 0. Calculate the remainder when j is divided by 20.
19
Let u(o) = o**2 - 8*o - 6. What is the remainder when u(-6) is divided by 27?
24
Let s(b) = b**2 + b. Let p be s(3). Let k = -33 + 40. Suppose -k*q + p*q = 105. Calculate the remainder when 41 is divided by q.
20
Suppose 2*h - 1 - 3 = 0. What is the remainder when 33 is divided by ((-2)/4)/(h/(-48))?
9
Let z(j) = -5 + j + 2 + 1. Let w be z(4). What is the remainder when w/((4/(-45))/(-2)) is divided by 12?
9
Suppose 2*x = -s - 0*s - 231, x = 4*s + 951. Let n be s/(-2) + 1/2. Let o = -82 + n. Calculate the remainder when o is divided by 13.
11
Let v(k) = -k**3 + 6*k**2 + 12*k - 17. What is the remainder when 53 is divided by v(7)?
17
Suppose 0 = 4*t + t - 2*k - 15, 9 = 3*t + k. Suppose 4*j = 2*j + v + 11, 2*j + 2*v = 2. What is the remainder when j is divided by t?
1
Let w = 6 - 4. Suppose w*s - 4 = 4. What is the remainder when 7 is divided by s?
3
Let z(k) = 3*k**3 - 3*k + 2. What is the remainder when 37 is divided by z(2)?
17
Suppose -75*i + 65 = -70*i. What is the remainder when 50 is divided by i?
11
Suppose -6*o = -16 - 110. Calculate the remainder when 37 is divided by o.
16
Let w(a) = -a**2 + 9*a - 7. Let n be w(6). Suppose y = -0*y + n. What is the remainder when y is divided by ((-18)/(-12))/((-6)/(-16))?
3
Let v be (-2)/1*-1*1. Suppose w + s = 51, -v*s + 0*s - 10 = 0. Calculate the remainder when w is divided by (-2)/((6/76)/((-3)/4)).
18
Calculate the remainder when 13 is divided by (-27)/(-18)*8/3.
1
Let j(r) = 4*r + 1. Let a be j(1). Suppose 127 = 4*f - a*y, 4*y + 3 = 2*f - 53. Let n(s) = s**2 + 1. Calculate the remainder when f is divided by n(3).
8
Suppose 2*g = -2*n + 34, -g + n = 4*g - 115. What is the remainder when g is divided by (-6)/((-3)/2 + 1)?
10
Suppose 4*x = -0*x + 60. Suppose i + 2*i - 6 = 0. Calculate the remainder when x is divided by (-68)/(-8) - i/4.
7
Suppose 7*f - 83 - 113 = 0. Calculate the remainder when f is divided by 15.
13
Suppose -y + 4*y = -3. What is the remainder when (-78)/y - (-7 - -6) is divided by 20?
19
What is the remainder when 2 is divided by 2 - ((-3 - -3) + 1)?
0
Let d = -18 - -25. What is the remainder when 23 is divided by d?
2
Let g = 5 + 9. Calculate the remainder when 67 is divided by 16/(-56) + 242/g.
16
Suppose 0 = 2*a - 5*l - 64, a - 3*l - 31 = -0*a. Calculate the remainder when a is divided by 10.
7
What is the remainder when (-308)/(-10) + 7/35 is divided by 16?
15
Suppose 5*w = 52 + 3. What is the remainder when (-162)/(-5) - (-2)/(-5) is divided by w?
10
Suppose 3*v + 2*u + 6 - 48 = 0, -67 = -4*v + u. What is the remainder when 29 is divided by v?
13
Calculate the remainder when 119 is divided by (-2)/8 + ((-2550)/(-24))/5.
14
Let a(j) = j**2 - 1. Suppose 2*p = -2*p + 8. Suppose -4*v + 0*z + 22 = -z, 4*v + 5*z - 10 = 0. What is the remainder when v is divided by a(p)?
2
Let l be 7 - 2*(-2)/(-4). Let m(n) = 5*n - 9. Let b(f) = 6*f - 10. Let s(g) = -3*b(g) + 4*m(g). What is the remainder when 17 is divided by s(l)?
5
Suppose -3*u + 119 = -22. Let g = u + -12. What is the remainder when g is divided by 12?
11
Suppose y = -87 + 93. What is the remainder when 27 is divided by y?
3
Suppose 5*s + 42 = n, -2*n + 10 = 4*s - 18. Suppose -4*p = -v - 163, -p - 2*v - 116 = -4*p. Calculate the remainder when p is divided by n.
20
Suppose -147 - 41 = -4*a. Calculate the remainder when a is divided by 25.
22
Let d(v) = -v**3 - 5*v**2 - 3*v - 7. Let b(y) = -5*y - 1. What is the remainder when b(-3) is divided by d(-5)?
6
Let h(a) = -a**2 - 12*a - 15. Let m be h(-10). Suppose 2*z = 3*v + m, 2*v - 5*z + z + 14 = 0. What is the remainder when 4 is divided by v/(21/6 - 3)?
0
Suppose 16*a - 20*a = -496. What is the remainder when a is divided by 14?
12
What is the remainder when 180/(-8)*50/(-15) is divided by 13?
10
Let k = 1 - 1. Suppose -36 = -3*p - 2*x, 0 = -2*p - x + 24 - k. Let j = p + 2. Calculate the remainder when 26 is divided by j.
12
Let b be (-2)/6 - (-34)/(-6). Let y be b*2/(6/(-1)). Suppose -2*i - 3*p + 4 + 50 = 0, -3*i = y*p - 71. What is the remainder when 41 is divided by i?
20
Let h(n) = n**2 + 3*n - 9. Let x = 0 - -5. Suppose -x*l + 2*l = -168. What is the remainder when l is divided by h(-7)?
18
Suppose -v = -2*l + 52, 5*l + 43 - 184 = -3*v. Calculate the remainder when 51 is divided by l.
24
Let v(u) = -5*u + 4. Suppose 3*x - 3 = 0, 0 = 2*t - 6*x + 2*x - 10. What is the remainder when v(-3) is divided by t?
5
Let o = -35 - -64. Let k = 1 + -1. Suppose -3*j - 6*n = -2*n - 65, -2*j + 2*n + 20 = k. Calculate the remainder when o is divided by j.
14
Suppose -4*z = 4*p - 108, 2*p - 39 = 4*z - 9*z. What is the remainder when 190 is divided by p?
30
Suppose q + 8 = 5*o - 5, -4 = o + 2*q. Let a(d) = 2*d**2 - 11*d - 2. What is the remainder when a(6) is divided by o?
0
Suppose 67 = 12*b - 5. Calculate the remainder when 40 is divided by b.
4
Suppose -4*f + 2*v + 118 = 0, f - 89 = -f - 5*v. What is the remainder when f is divided by 18?
14
Let f(y) = y**3 - 9*y**2 + 9*y. Calculate the remainder when 39 is divided by f(8).
7
What is the remainder when 19 is divided by -2 + (-5 - -3) + 8?
3
Let f = 1 + 3. Suppose f*m - 59 + 15 = 0. Calculate the remainder when 30 is divided by m.
8
Calculate the remainder when (1 - 27/21) + 1094/7 is divided by 40.
36
Suppose 0 = -4*w + 5*v + 19, 5*w - 